97)/(-2821). Let b(p) = -p**3 - 16*p**2 - 23*p - 29. Calculate b(o).
91
Suppose 3*h + 4 + 11 = 0. Let q(s) = -2*s - 2. Let v(l) be the first derivative of l + 15. Let j(g) = q(g) - 3*v(g). Determine j(h).
5
Let q(i) = -6*i - 85. Let p be ((-7004)/309)/(12/9). Give q(p).
17
Let w(t) be the second derivative of t**5/20 - 13*t**4/6 + 13*t**3/3 - 11*t**2 + 77*t - 7. Determine w(25).
3
Suppose 1 = 4*v - 3*u - 0, v = -3*u - 11. Let z(h) = -2313*h - 2317*h + 4633*h + 3. Determine z(v).
-3
Let o(u) = u**2 - 7*u + 22. Let g(r) = 2*r**2 - 18*r + 44. Let w(y) = -4*g(y) + 9*o(y). Calculate w(-7).
8
Suppose -2*p - 12*r = -7*r + 13, 5*p + 41 = -4*r. Let d(o) be the second derivative of o**5/20 + 5*o**4/6 + 4*o**3/3 - 7*o**2 - 14*o. Give d(p).
-5
Let i be (-3730)/(-6) + 9/27. Let p(w) = -4*w - 1247 + i + 627. Give p(1).
-2
Let x(j) = -27*j - 229. Suppose 0 = -172*w - 341 - 1245 + 38. Calculate x(w).
14
Let z(d) = 3*d**2 + d + 19. Let s(c) = -2*c**2 - 2*c - 23. Let f(p) = 5*s(p) + 6*z(p). Calculate f(1).
3
Let x(u) be the second derivative of -17*u**3/3 - 309*u**2/2 + u - 704. Determine x(-9).
-3
Let f(c) = 34*c - 8. Let u(d) = 18*d - 4. Let y(h) = 4*f(h) - 7*u(h). Determine y(3).
26
Let x(w) = 3*w**3 + 90*w**2 + 4*w + 3. Let r(l) = l**3 + 15*l**2 + 2*l - 1. Let v(k) = -5*r(k) + x(k). What is v(7)?
15
Let l be (-7755)/40 - ((-99)/(-24) - 4). Let k = l - -199. Let v(s) be the third derivative of -s**5/60 + s**4/8 + 5*s**3/6 + 5*s**2. What is v(k)?
-5
Let g(c) be the first derivative of 2*c**3 + c**2/2 - c - 1. Suppose 5*y - 3 = -q, -4*q - 12 = -2*y - 2*y. Determine g(y).
6
Let h(j) = -30*j**3 - 3*j**2 + 3*j + 6. Let d(c) be the first derivative of -c**4/4 + c**3/3 - c**2/2 - c - 76. Let l(t) = 5*d(t) + h(t). Calculate l(1).
-34
Let z(k) be the second derivative of -1/5*k**5 + 1/2*k**2 - 86*k + 0*k**4 + 0 + 1/3*k**3. Suppose 3 = 3*x + 6. Give z(x).
3
Let x(c) = -c**3 - 65*c**2 - 62*c + 131. Let f be x(-64). Let v(t) = t**3 - 5*t**2 + 2*t + 3. Calculate v(f).
-9
Let o(m) = 87*m**2 + 86*m - 40. Let d(a) = 14*a**2 - 3. Let n(s) = -6*d(s) + o(s). Determine n(-29).
7
Let x(s) = -s**3 + 9*s**2 - 10*s - 1. Let a(h) = h**2 - 6*h - 155. Let w be a(16). Give x(w).
49
Let t(n) = -n**2 - 25*n + 19. Let v be t(-23). Let h be 11/(-2)*(8 + -10). Suppose v = h*b + 10. Let l(i) = i**2 - 10*i - 5. Calculate l(b).
-30
Let z(s) be the third derivative of s**5/30 - 5*s**4/6 + 7*s**3/2 + 13*s**2 - 9*s. Determine z(8).
-11
Let u(p) = -31*p + 6. Let f(n) = 28*n - 45*n + 22*n + 17*n - 4. Let m(i) = 7*f(i) + 5*u(i). What is m(0)?
2
Let u(j) be the first derivative of -j**3/3 - 5*j**2 - 7*j + 5. Let v = -131 - -137. Suppose 0*r = 3*r + 2*l + 26, -3*r + 3*l = v. Determine u(r).
17
Let x(h) = h**2 - h - 3. Let r = 7 + -5. Suppose 0*y = y + r*y. Suppose y = -d - 5*k - 0*k - 2, 3 = -3*k. Calculate x(d).
3
Let i be (-63)/5 + 6/10. Let o(m) = 5*m + 59. Determine o(i).
-1
Let j(a) be the second derivative of a**5/20 + 3*a**4/2 + 11*a**3/6 - 5*a**2 + 879*a. What is j(-17)?
92
Let w(q) = -9*q + 2 + 3*q + 5*q. Suppose -21*c + 3860 = 3944. What is w(c)?
6
Suppose 11*o - 147 = -10*o. Let g(w) = 9 + 9*w**2 + w**3 + o*w**2 - 8*w**2 + 6*w. Calculate g(-7).
16
Let z be -2*(-5)/(-4)*10044/930. Let b = 49 + -28. Let r be (-2)/(-7) + z/b. Let f(s) = s**3 + s**2 + 1. Determine f(r).
1
Suppose -45 = 5*l + 3*s, 0*l - 4*s - 45 = 5*l. Let u(t) = t**3 + 161 - 616 + 148 + 10*t**2 + 11*t + 165 + 154. What is u(l)?
-6
Let s(b) = -4313*b - 4296*b - 31 + 8622*b. Determine s(4).
21
Let r(j) = -3*j - 2*j**2 - 2*j + 6*j + j**2. Let v = -2230 + 2230. Calculate r(v).
0
Let w(h) be the first derivative of -3*h**4/4 - h**2/2 + 4*h + 24. What is w(2)?
-22
Let n = 2 - 6. Let r(a) = a**2 + 9*a + 3. Let t = -5 + 14. Let q(f) = -4*f**2 - 36*f - 12. Let c(g) = t*r(g) + 2*q(g). Give c(n).
-17
Suppose -8*v + 5 = -27. Let n be 56/32*12*v/6. Let k(w) = 1 + 9*w + 12*w + w - n*w. Give k(-1).
-7
Let s(b) = -b**3 + 19*b**2 + 42*b - 11. Let x = 7338 - 7317. Determine s(x).
-11
Suppose 4*i = -4*q - 4, 31 = -0*i + 4*i - 3*q. Let t be -1 + 5 + 4/i. Let w(n) = -n**2 + 3*n - 3. What is w(t)?
-13
Let s(h) be the second derivative of -h**5/20 - h**4/12 + h**3/3 + 3*h**2 - 1572*h. Determine s(0).
6
Let s(b) = b**2 + 7595 - 2*b - 7614 + 8*b + 10*b. Calculate s(-14).
-47
Suppose -25*l + 2100 = -31*l. Let w = l - -348. Let r(m) be the first derivative of -m**3/3 - m**2 + 1. What is r(w)?
0
Let z(m) = -m**3 - 5*m**2 - 5. Let t(w) = -2*w**2 + 14*w + 49. Let v be t(10). Let n be v*(0 - -1) + 6. Determine z(n).
-5
Let n(q) = -q**2 - q - 2. Suppose y + 11*t = 16*t + 16, -3*t - 12 = -3*y. What is n(y)?
-4
Let h(r) = 22*r**2 - r**3 - 8*r - 6*r - 92*r**2 + 60*r**2 - 2 - 2. Give h(-8).
-20
Let q(f) = f + 20. Let h be 1/(6 - (-6)/78*-77). Give q(h).
33
Let t(d) = -9*d**2 - 105*d + 24. Let n be t(-12). Let i(p) = 2*p**2 + 26*p + 22. Determine i(n).
-2
Let g = 57 - 47. Suppose 0 = g*s + 23 + 7. Let r(b) be the third derivative of -b**6/120 - b**5/30 + b**4/12 - 12*b**2. Determine r(s).
3
Let q(l) be the third derivative of -l**5/60 - l**4/6 + 3*l**3/2 + 5*l**2. Let f be (-78)/(27/9) + 19. Calculate q(f).
-12
Suppose 0*z + 4*z = 344. Let i(r) = -11*r + z - 91 + 0*r. Let n(y) = 5*y + 3. Let x(w) = 3*i(w) + 7*n(w). Calculate x(-8).
-10
Let t be 6/4 - (-5 - 27/(-6)). Suppose -t*k + 3*d = k - 3, 3*k - 5*d - 1 = 0. Let x(m) = -m**3 + 2*m. What is x(k)?
-4
Suppose z - 3 = -2*j, -2*z = -18*j + 13*j + 30. Let a(b) = b**3 - b**2 - 6*b + 2. Calculate a(j).
26
Let l(o) be the second derivative of -3*o**5/4 - o**4/12 + 6*o. Suppose 94*y = 98*y - 5*v - 31, 2*v = y - 13. Determine l(y).
14
Let h(z) be the third derivative of -2*z**2 - 1/3*z**3 + 0*z - 13 - 13/24*z**4. What is h(-2)?
24
Let i(n) = n**3 + 7*n**2 - n - 8. Suppose -60*z + 72*z = -84. Determine i(z).
-1
Suppose -2*m - 40 = i, 6*m = 3*m - 6. Let h be (1/3)/(4/i). Let l(n) be the first derivative of -5*n**2/2 - 126. Give l(h).
15
Let i(a) = 0 - a + 0 - 4. Let x = 4123 - 4128. Let c be i(x). Let z(j) = j**2 - 1. Calculate z(c).
0
Let b be (-10)/(-9)*-12*(-510)/(-8). Let k = 851 + b. Let a(f) = f - 2. Determine a(k).
-1
Let k = -156 + 140. Let n be ((-2)/4)/((-1)/(-4 - k)). Let l(a) = -5*a + a - a + 6*a. Calculate l(n).
6
Suppose 1 - 5 = -4*h + 4*l, 4*l = 2*h - 4. Suppose 0 = -h*u - 4*u + 20. Suppose -u*r + 3*r = 16. Let a(t) = t**3 + 8*t**2 - t - 7. Determine a(r).
1
Let h(z) be the second derivative of z**5/20 + z**4/6 - 37*z**3/6 - 6*z**2 - 1005*z. Give h(-7).
2
Let u(c) = -c - 13. Let w(l) = -6. Suppose 0 = -k + i + 34, -4*k - 51 = i - 202. Let b = k - 30. Let a(p) = b*w(p) - 3*u(p). Determine a(6).
15
Let x(c) = c**3 + 7*c**2 - 16*c + 10. Let m be (4/40 - (-54)/60) + -10. Give x(m).
-8
Let n(w) = -w**2 - 7*w + 28. Let c = 12656 + -12667. Give n(c).
-16
Let t(x) = 2*x + 4. Let a be t(0). Suppose -a*m - 3 = -g, g - 3 = -0*g + 3*m. Let f(k) = 0 + 14*k + 17 - 14*k**2 + k**g - 24. Determine f(13).
6
Let j(z) = z**3 + 5*z**2 + 43. Let u be j(-6). Let v = 19 - 17. Let t(a) = -6*a - 5 + 4*a**2 - 3*a**v - 4 + 3. Give t(u).
1
Suppose 0 = 5*p + j - 24, -28*p + 27*p + j = -6. Let y(h) = 2*h**2 - 5*h + 11. Calculate y(p).
36
Let c = -752 + 736. Let m be 124/c - (-6 + 50/8). Let v(d) be the third derivative of d**6/120 + 2*d**5/15 + d**3/2 - 2*d**2. Calculate v(m).
3
Let z = 4354 + -4356. Let w(d) = 25*d - 3. Determine w(z).
-53
Let b(t) = -3*t - 25. Let n(p) = -p - 107. Let f be n(-103). Calculate b(f).
-13
Let o(g) = -g - 22. Let s = 402 + -421. Determine o(s).
-3
Let h = -1792 - -1804. Let t(l) be the first derivative of h*l - 18 - 1/2*l**2. Calculate t(8).
4
Let v(m) = 11*m**2 - m + 1. Let f(w) = 12*w**2 - w + 1. Suppose 0 = -8*k - 16 - 0. Let g be ((-30)/(-50))/(k/10). Let j(c) = g*f(c) + 2*v(c). Calculate j(1).
-14
Let c(r) = -r**2 - 42*r + 236. Suppose -539*j = 15921 + 9412. What is c(j)?
1
Suppose -71*s - 438 + 320 = 663. Let t(o) = 2*o + 14. Give t(s).
-8
Let u(k) = -5*k + 13. Let c be 1/(-4) + (-369)/(-164) + -1. Determine u(c).
8
Let t(l) = -10 + 2*l - 2*l**2 - l**3 + 2*l**3 + 14 - 5*l**2. Suppose 0 = 94*y - 122*y - 55 + 139. Give t(y).
-26
Let c(k) = 3*k + 19. Suppose -8*u = 12*u + 10 + 370. Determine c(u).
-38
Let d(c) = c**2 + 5*c + 6. Let a be d(-4). Let y(j) = 4*j**a + 4 + j - 5*j - 3*j**3 - 1 + 2*j**3. Le